{"id":317,"date":"2020-09-08T15:20:44","date_gmt":"2020-09-08T13:20:44","guid":{"rendered":"http:\/\/sfm-management.org\/?page_id=317"},"modified":"2024-10-23T00:26:59","modified_gmt":"2024-10-22T22:26:59","slug":"archives-2","status":"publish","type":"page","link":"https:\/\/sfm-management.org\/index.php\/archives-2\/","title":{"rendered":"Archives 23-24"},"content":{"rendered":"\n<p><\/p>\n\n\n\n<h1 class=\"has-text-align-center\"><strong>Session SFM sur le financement de l&rsquo;enseignement sup\u00e9rieur et de la recherche en sciences de gestion&nbsp;<br><\/strong><\/h1>\n\n\n\n<h2 class=\"has-text-align-center\"><strong>Le 04.09.24 \u00e0 17h30, en distanciel<\/strong><\/h2>\n\n\n\n<p><\/p>\n\n\n\n<p>Apr\u00e8s la parution de son rapport \u00ab&nbsp;Cons\u00e9quences et risques de l\u2019\u00e9volution des sources de financement de l\u2019ESRG fran\u00e7ais, un appel \u00e0 repenser la r\u00e9gulation collective du champ&nbsp;\u00bb, la SFM a ouvert une session de d\u00e9bat autour des id\u00e9es qui y sont avanc\u00e9es.<br><br>La session a \u00e9t\u00e9 ouverte \u00e0 l\u2019ensemble de nos coll\u00e8gues en sciences de gestion, et a accueilli \u00e9galement le niveau institutionnel pour ouvrir plus largement la discussion (FNEGE, CDEFM, IAE FRANCE).&nbsp;<\/p>\n\n\n\n<p><\/p>\n\n\n\n<div class=\"wp-block-buttons is-content-justification-center\">\n<div class=\"wp-block-button\"><a class=\"wp-block-button__link\" href=\"https:\/\/sfm-management.org\/wp-content\/uploads\/2024\/03\/Contribution-SFM-Modeles-economiques-de-lESRG.pdf\">T\u00e9l\u00e9charger le rapport<\/a><\/div>\n<\/div>\n\n\n\n<div class=\"wp-block-buttons is-content-justification-center\">\n<div class=\"wp-block-button\"><a class=\"wp-block-button__link\">(Compte rendu \u00e0 venir)<\/a><\/div>\n<\/div>\n\n\n\n<p><\/p>\n\n\n\n<hr class=\"wp-block-separator\"\/>\n\n\n\n<h1 class=\"has-text-align-center\"><strong>Cycle  \u00ab R\u00e9chauffement climatique et urgences \u00e9cologiques : quels d\u00e9fis et opportunit\u00e9s pour les Sciences de Gestion ?&nbsp;\u00bb<\/strong><\/h1>\n\n\n\n<h2><span class=\"has-inline-color has-colibri-color-1-color\">Session 3 <\/span>: \u00ab  Quelles possibilit\u00e9s d&rsquo;action pour les \u00e9tablissements de l&rsquo;ESRG face aux urgences \u00e9cologiques ? \u00bb<\/h2>\n\n\n\n<h2 class=\"has-text-align-center\">23 janvier 2024 I 17h30-19h00<\/h2>\n\n\n\n<p class=\"has-text-align-center\">Au format distanciel<\/p>\n\n\n\n<p>Anim\u00e9e par Anne-Claire Pache, professeure et doyenne associ\u00e9e charg\u00e9e de la strat\u00e9gie et de l\u2019engagement soci\u00e9tal \u00e0 l\u2019ESSEC ; Jean-Marc Ogier, Pr\u00e9sident de La Rochelle Universit\u00e9 et de l\u2019Universit\u00e9 europ\u00e9enne EU-CONEXUS<\/p>\n\n\n\n<p>R\u00e9sum\u00e9 : Pour poursuivre sa r\u00e9flexion sur les responsabilit\u00e9s de l&rsquo;enseignement sup\u00e9rieur et de la recherche en sciences de gestion face aux urgences \u00e9cologiques, la SFM a organis\u00e9 le 23 janvier 2024 une troisi\u00e8me session consacr\u00e9e aux points de vue de deux d\u00e9cideurs de l\u2019enseignement sup\u00e9rieur.Anne-Claire Pache, professeure en innovation sociale et titulaire de la chaire innovation sociale de l\u2019ESSEC et doyenne associ\u00e9e charg\u00e9e de la strat\u00e9gie et de l\u2019engagement soci\u00e9tal \u00e0 l\u2019ESSEC et Jean-Marc Ogier, pr\u00e9sident de La Rochelle Universit\u00e9 et de l\u2019Universit\u00e9 europ\u00e9enne EU-CONEXUS ont pr\u00e9sent\u00e9 la fa\u00e7on dont l\u2019urgence \u00e9cologique a \u00e9t\u00e9 int\u00e9gr\u00e9e \u00e0 leur strat\u00e9gie d\u2019\u00e9tablissement. Ils ont partag\u00e9 leur exp\u00e9rience dans deux contextes tr\u00e8s diff\u00e9rents et propos\u00e9 leurs pistes pour l\u2019avenir.<\/p>\n\n\n\n<p><\/p>\n\n\n\n<div class=\"wp-block-buttons is-content-justification-center\">\n<div class=\"wp-block-button is-style-fill\"><a class=\"wp-block-button__link\" href=\"https:\/\/drive.google.com\/file\/d\/19HtdgJLKmjRaClLX3ePdts4MJayWTTpN\/view?usp=sharing\">Lire le compte rendu<\/a><\/div>\n<\/div>\n\n\n\n<hr class=\"wp-block-separator\"\/>\n\n\n\n<h1 class=\"has-text-align-center\"><strong>Cycle  \u00ab R\u00e9chauffement climatique et urgences \u00e9cologiques : quels d\u00e9fis et opportunit\u00e9s pour les Sciences de Gestion ?\u00a0\u00bb\u00a0<\/strong><\/h1>\n\n\n\n<h2><span class=\"has-inline-color has-colibri-color-1-color\">Session 2 <\/span>: \u00ab D\u00e9croissance soutenable : une alternative pour les sciences de gestion ?&nbsp;\u00bb<\/h2>\n\n\n\n<h2 class=\"has-text-align-center\">5 d\u00e9cembre 2023 I 17h30-19h00<\/h2>\n\n\n\n<p class=\"has-text-align-center\">Au format distanciel<\/p>\n\n\n\n<p class=\"has-text-align-center\">Anim\u00e9e par Yves-Marie Abraham, Professeur agr\u00e9g\u00e9 \u00e0 HEC Montr\u00e9al<\/p>\n\n\n\n<p><\/p>\n\n\n\n<p>R\u00e9sum\u00e9&nbsp;: Pour poursuivre sa r\u00e9flexion sur les responsabilit\u00e9s de l\u2019enseignement sup\u00e9rieur et de la recherche en sciences de gestion face aux urgences \u00e9cologiques, la SFM a organis\u00e9 le 05 d\u00e9cembre 2023 une deuxi\u00e8me session consacr\u00e9e \u00e0 la \u00ab&nbsp;d\u00e9croissance soutenable&nbsp;\u00bb. Un \u00e9change avec Yves-Marie Abraham, professeur agr\u00e9g\u00e9 \u00e0 HEC Montr\u00e9al a permis de d\u00e9battre de ces approches et de leur mobilisation en p\u00e9dagogie.<\/p>\n\n\n\n<p>Apr\u00e8s avoir co-dirig\u00e9 la publication de D\u00e9croissance versus d\u00e9veloppement durable : d\u00e9bats pour la suite du monde (2011) et de Creuser jusqu\u2019o\u00f9&nbsp;? Extractivisme et limites \u00e0 la croissance (2015), Yves-Marie Abraham a publi\u00e9 en 2019 une synth\u00e8se Gu\u00e9rir du mal de l\u2019infini. Il est par ailleurs responsable de la sp\u00e9cialisation en gestion de l\u2019innovation sociale au sein de la Ma\u00eetrise \u00e0 HEC Montr\u00e9al, o\u00f9 il offre un cours sur la \u00ab d\u00e9croissance soutenable \u00bb depuis 2013.&nbsp;<\/p>\n\n\n\n<div class=\"wp-block-buttons is-content-justification-center\">\n<div class=\"wp-block-button\"><a class=\"wp-block-button__link\" href=\"https:\/\/sfm-management.org\/wp-content\/uploads\/2024\/10\/CR-session-2-SFM-2024-.pdf\">Lire le compte-rendu <\/a><\/div>\n<\/div>\n\n\n\n<hr class=\"wp-block-separator\"\/>\n\n\n\n<h1 class=\"has-text-align-center\"><strong>Cycle \u00ab R\u00e9chauffement climatique et urgences \u00e9cologiques : quels d\u00e9fis et opportunit\u00e9s pour les Sciences de Gestion ?&nbsp;\u00bb&nbsp;<\/strong><\/h1>\n\n\n\n<h2 class=\"has-text-align-center\"><strong><span class=\"has-inline-color has-colibri-color-1-color\">Session 1<\/span> : \u00ab Transformer l\u2019enseignement \u00e0 la gestion face \u00e0 l&rsquo;urgence \u00e9cologique : pourquoi ? comment? \u00bb<\/strong><\/h2>\n\n\n\n<h2 class=\"has-text-align-center\">27 septembre 2023 I 17h30-19h00<\/h2>\n\n\n\n<p class=\"has-text-align-center\">Au format distanciel<\/p>\n\n\n\n<p class=\"has-text-align-center\">Anim\u00e9e par&nbsp;Aur\u00e9lien Acquier, ESCP Business School<br><\/p>\n\n\n\n<p>R\u00e9sum\u00e9 :  Le 6e rapport du GIEC est sans \u00e9quivoque. L\u2019habitabilit\u00e9 de la terre se r\u00e9duit. Il y a urgence \u00e0 r\u00e9agir pour \u00e9viter des co\u00fbts financiers toujours plus \u00e9lev\u00e9s et une d\u00e9gradation des conditions de vie. Au-del\u00e0 des d\u00e9clarations d\u2019intention, qu\u2019attendre de l\u2019ESR en sciences de gestion pour que les entreprises fassent effectivement partie de la solution \u00e0 des probl\u00e8mes qui incombent pour partie \u00e0 leurs activit\u00e9s ?&nbsp;<\/p>\n\n\n\n<p>La SFM propose de contribuer aux d\u00e9bats en cours en approfondissant trois questions prioritaires : Que doit-on changer dans nos enseignements et recherche ? Quelles sont les conditions \u00e0 r\u00e9unir pour faciliter ces transformations qui concernent les th\u00e9ories enseign\u00e9es, mais aussi les poids accord\u00e9s aux diff\u00e9rentes th\u00e9matiques ou encore les pratiques p\u00e9dagogiques&nbsp;? Comment les sciences de gestion et les \u00e9tablissements peuvent \u00eatre source d\u2019inspiration sur ces sujets majeurs qui interpellent tant les mod\u00e8les enseign\u00e9s que leurs pratiques de fonctionnement ?<\/p>\n\n\n\n<p>Aur\u00e9lien Acquier, Professeur HDR \u00e0 ESCP Business School, a exerc\u00e9 les fonctions de Doyen Associ\u00e9 \u00e0 la Transition Ecologique de l&rsquo;\u00e9tablissement entre 2018 et 2022. Il revient sur cette exp\u00e9rience pour pr\u00e9senter 1) comment l&rsquo;anthropoc\u00e8ne constitue un changement de paradigme pour les sciences de gestion et 2) proposer un retour d&rsquo;exp\u00e9rience et des r\u00e9flexions sur les d\u00e9fis, tensions et voies concr\u00e8tes de transformation des institutions de formation au management afin d&rsquo;int\u00e9grer ces enjeux dans une perspective de soutenabilit\u00e9 forte.&nbsp;<\/p>\n\n\n\n<div class=\"wp-block-buttons is-content-justification-center\">\n<div class=\"wp-block-button\"><a class=\"wp-block-button__link\" href=\"https:\/\/docs.google.com\/document\/d\/11Ac_UOahTnSk8XT6EVwT9ZMPeIFlZLgf\/edit?usp=sharing&amp;ouid=108161663212425703028&amp;rtpof=true&amp;sd=true\">Lire le compte rendu<\/a><\/div>\n<\/div>\n\n\n\n<hr class=\"wp-block-separator\"\/>\n\n\n\n<h1 class=\"has-text-align-center\"><strong>Session SFM \u00ab&nbsp;Les comp\u00e9tences vues du c\u00f4t\u00e9 des accr\u00e9ditations internationales&nbsp;\u00bb<\/strong><\/h1>\n\n\n\n<h2 class=\"has-text-align-center\">23 janvier 2023 | 17h30-19h00<\/h2>\n\n\n\n<p class=\"has-text-align-center\">Au format distanciel<\/p>\n\n\n\n<p class=\"has-text-align-center\">Anim\u00e9e par Eric Cornuel, EFMD, Anne-Laure Schwartz, EMLYON<\/p>\n\n\n\n<p>R\u00e9sum\u00e9 : Dans le cadre de notre r\u00e9flexion annuelle sur les comp\u00e9tences dans notre syst\u00e8me d\u2019enseignement sup\u00e9rieur et de recherche en gestion, nous vous proposons une sessions ax\u00e9e sur l\u2019international, en observant les effets que peuvent produire, pour nos \u00e9tablissements d\u2019enseignement sup\u00e9rieur, des conceptions parfois diff\u00e9rentes de la notion de comp\u00e9tences d\u2019une culture acad\u00e9mique \u00e0 une autre et d\u2019un accr\u00e9diteur \u00e0 l\u2019autre :<\/p>\n\n\n\n<ul><li>Comment prendre en compte des attentes et des repr\u00e9sentations diff\u00e9rentes lorsque l\u2019on vise une reconnaissance internationale ?<\/li><li>Comment int\u00e9grer la question des comp\u00e9tences \u00e0 sa strat\u00e9gie de formation ?<\/li><li>Quelles comp\u00e9tences communes et distinctives conf\u00e9rer \u00e0 ses dipl\u00f4m\u00e9s ?<\/li><li>Comment s\u2019assurer qu\u2019ils les ma\u00eetrisent ?<\/li><li>Comment faire \u00e9voluer les comp\u00e9tences \u00e0 ma\u00eetriser en tenant compte de l\u2019\u00e9volution des contextes ?<\/li><li>Quelles cons\u00e9quences pour les enseignants et pour les \u00e9tudiants ?<\/li><\/ul>\n\n\n\n<p>Pour lancer ce d\u00e9bat, nous avons eu le plaisir de recevoir Anne Laure Schwartz, Directrice Qualit\u00e9, Accr\u00e9ditations et Rankings de l\u2019emlyon Business School qui a une longue exp\u00e9rience des accr\u00e9ditations et de l\u2019international. L\u2019emlyon Business School assure la coanimation, avec l\u2019ESCP et Toulouse Business School, du Comit\u00e9 d\u2019experts Qualit\u00e9 et Accr\u00e9ditations qui rassemble environ 25 \u00e9coles afin d\u2019\u00e9changer sur des probl\u00e9matiques communes, entre pairs. L\u2019intervention d\u2019Anne-Laure a pris en compte les points de vue des autres \u00e9coles pr\u00e9sentes dans ce comit\u00e9. Nous avons \u00e9galement \u00e9cout\u00e9 Eric Cornuel, Pr\u00e9sident de l\u2019EFMD, qui donnera la vision de l\u2019EFMD mais aussi des diff\u00e9rences de conceptions entre l\u2019EFMD et les autres accr\u00e9diteurs internationaux.<\/p>\n\n\n\n<hr class=\"wp-block-separator\"\/>\n","protected":false},"excerpt":{"rendered":"<p>Session SFM sur le financement de l&rsquo;enseignement sup\u00e9rieur et de la recherche en sciences de gestion&nbsp; Le 04.09.24 \u00e0 17h30, en distanciel Apr\u00e8s la parution de son rapport \u00ab&nbsp;Cons\u00e9quences et risques de l\u2019\u00e9volution des sources de financement de l\u2019ESRG fran\u00e7ais, un appel \u00e0 repenser la r\u00e9gulation collective du champ&nbsp;\u00bb, la SFM a ouvert une session [&hellip;]<\/p>\n","protected":false},"author":1,"featured_media":0,"parent":0,"menu_order":0,"comment_status":"closed","ping_status":"closed","template":"","meta":[],"yoast_head":"<!-- This site is optimized with the Yoast SEO plugin v19.4 - https:\/\/yoast.com\/wordpress\/plugins\/seo\/ -->\n<title>Archives 23-24 - Soci\u00e9t\u00e9 Fran\u00e7aise de Management<\/title>\n<meta name=\"robots\" content=\"index, follow, max-snippet:-1, max-image-preview:large, max-video-preview:-1\" \/>\n<link rel=\"canonical\" href=\"https:\/\/sfm-management.org\/index.php\/archives-2\/\" \/>\n<meta property=\"og:locale\" content=\"fr_FR\" \/>\n<meta property=\"og:type\" content=\"article\" \/>\n<meta property=\"og:title\" content=\"Archives 23-24 - Soci\u00e9t\u00e9 Fran\u00e7aise de Management\" \/>\n<meta property=\"og:description\" content=\"Session SFM sur le financement de l&rsquo;enseignement sup\u00e9rieur et de la recherche en sciences de gestion&nbsp; Le 04.09.24 \u00e0 17h30, en distanciel Apr\u00e8s la parution de son rapport \u00ab&nbsp;Cons\u00e9quences et risques de l\u2019\u00e9volution des sources de financement de l\u2019ESRG fran\u00e7ais, un appel \u00e0 repenser la r\u00e9gulation collective du champ&nbsp;\u00bb, la SFM a ouvert une session [&hellip;]\" \/>\n<meta property=\"og:url\" content=\"https:\/\/sfm-management.org\/index.php\/archives-2\/\" \/>\n<meta property=\"og:site_name\" content=\"Soci\u00e9t\u00e9 Fran\u00e7aise de Management\" \/>\n<meta property=\"article:modified_time\" content=\"2024-10-22T22:26:59+00:00\" \/>\n<meta property=\"og:image\" content=\"https:\/\/sfm-management.org\/wp-content\/uploads\/2021\/11\/sfm-1024x348.png\" \/>\n\t<meta property=\"og:image:width\" content=\"1024\" \/>\n\t<meta property=\"og:image:height\" content=\"348\" \/>\n\t<meta property=\"og:image:type\" content=\"image\/png\" \/>\n<meta name=\"twitter:card\" content=\"summary_large_image\" \/>\n<meta name=\"twitter:site\" content=\"@SocFrMgmt\" \/>\n<meta name=\"twitter:label1\" content=\"Dur\u00e9e de lecture estim\u00e9e\" \/>\n\t<meta name=\"twitter:data1\" content=\"7 minutes\" \/>\n<script type=\"application\/ld+json\" class=\"yoast-schema-graph\">{\"@context\":\"https:\/\/schema.org\",\"@graph\":[{\"@type\":\"Organization\",\"@id\":\"https:\/\/sfm-management.org\/#organization\",\"name\":\"Soci\u00e9t\u00e9 Fran\u00e7aise de Management\",\"url\":\"https:\/\/sfm-management.org\/\",\"sameAs\":[\"https:\/\/www.linkedin.com\/company\/70413167\/\",\"https:\/\/twitter.com\/SocFrMgmt\"],\"logo\":{\"@type\":\"ImageObject\",\"inLanguage\":\"fr-FR\",\"@id\":\"https:\/\/sfm-management.org\/#\/schema\/logo\/image\/\",\"url\":\"https:\/\/sfm-management.org\/wp-content\/uploads\/2020\/09\/cropped-logo-1.png\",\"contentUrl\":\"https:\/\/sfm-management.org\/wp-content\/uploads\/2020\/09\/cropped-logo-1.png\",\"width\":345,\"height\":238,\"caption\":\"Soci\u00e9t\u00e9 Fran\u00e7aise de Management\"},\"image\":{\"@id\":\"https:\/\/sfm-management.org\/#\/schema\/logo\/image\/\"}},{\"@type\":\"WebSite\",\"@id\":\"https:\/\/sfm-management.org\/#website\",\"url\":\"https:\/\/sfm-management.org\/\",\"name\":\"Soci\u00e9t\u00e9 Fran\u00e7aise de Management\",\"description\":\"\",\"publisher\":{\"@id\":\"https:\/\/sfm-management.org\/#organization\"},\"potentialAction\":[{\"@type\":\"SearchAction\",\"target\":{\"@type\":\"EntryPoint\",\"urlTemplate\":\"https:\/\/sfm-management.org\/?s={search_term_string}\"},\"query-input\":\"required name=search_term_string\"}],\"inLanguage\":\"fr-FR\"},{\"@type\":\"WebPage\",\"@id\":\"https:\/\/sfm-management.org\/index.php\/archives-2\/\",\"url\":\"https:\/\/sfm-management.org\/index.php\/archives-2\/\",\"name\":\"Archives 23-24 - Soci\u00e9t\u00e9 Fran\u00e7aise de Management\",\"isPartOf\":{\"@id\":\"https:\/\/sfm-management.org\/#website\"},\"datePublished\":\"2020-09-08T13:20:44+00:00\",\"dateModified\":\"2024-10-22T22:26:59+00:00\",\"breadcrumb\":{\"@id\":\"https:\/\/sfm-management.org\/index.php\/archives-2\/#breadcrumb\"},\"inLanguage\":\"fr-FR\",\"potentialAction\":[{\"@type\":\"ReadAction\",\"target\":[\"https:\/\/sfm-management.org\/index.php\/archives-2\/\"]}]},{\"@type\":\"BreadcrumbList\",\"@id\":\"https:\/\/sfm-management.org\/index.php\/archives-2\/#breadcrumb\",\"itemListElement\":[{\"@type\":\"ListItem\",\"position\":1,\"name\":\"Accueil\",\"item\":\"https:\/\/sfm-management.org\/\"},{\"@type\":\"ListItem\",\"position\":2,\"name\":\"Archives 23-24\"}]}]}<\/script>\n<!-- \/ Yoast SEO plugin. -->","yoast_head_json":{"title":"Archives 23-24 - Soci\u00e9t\u00e9 Fran\u00e7aise de Management","robots":{"index":"index","follow":"follow","max-snippet":"max-snippet:-1","max-image-preview":"max-image-preview:large","max-video-preview":"max-video-preview:-1"},"canonical":"https:\/\/sfm-management.org\/index.php\/archives-2\/","og_locale":"fr_FR","og_type":"article","og_title":"Archives 23-24 - Soci\u00e9t\u00e9 Fran\u00e7aise de Management","og_description":"Session SFM sur le financement de l&rsquo;enseignement sup\u00e9rieur et de la recherche en sciences de gestion&nbsp; Le 04.09.24 \u00e0 17h30, en distanciel Apr\u00e8s la parution de son rapport \u00ab&nbsp;Cons\u00e9quences et risques de l\u2019\u00e9volution des sources de financement de l\u2019ESRG fran\u00e7ais, un appel \u00e0 repenser la r\u00e9gulation collective du champ&nbsp;\u00bb, la SFM a ouvert une session [&hellip;]","og_url":"https:\/\/sfm-management.org\/index.php\/archives-2\/","og_site_name":"Soci\u00e9t\u00e9 Fran\u00e7aise de Management","article_modified_time":"2024-10-22T22:26:59+00:00","og_image":[{"width":1024,"height":348,"url":"https:\/\/sfm-management.org\/wp-content\/uploads\/2021\/11\/sfm-1024x348.png","type":"image\/png"}],"twitter_card":"summary_large_image","twitter_site":"@SocFrMgmt","twitter_misc":{"Dur\u00e9e de lecture estim\u00e9e":"7 minutes"},"schema":{"@context":"https:\/\/schema.org","@graph":[{"@type":"Organization","@id":"https:\/\/sfm-management.org\/#organization","name":"Soci\u00e9t\u00e9 Fran\u00e7aise de Management","url":"https:\/\/sfm-management.org\/","sameAs":["https:\/\/www.linkedin.com\/company\/70413167\/","https:\/\/twitter.com\/SocFrMgmt"],"logo":{"@type":"ImageObject","inLanguage":"fr-FR","@id":"https:\/\/sfm-management.org\/#\/schema\/logo\/image\/","url":"https:\/\/sfm-management.org\/wp-content\/uploads\/2020\/09\/cropped-logo-1.png","contentUrl":"https:\/\/sfm-management.org\/wp-content\/uploads\/2020\/09\/cropped-logo-1.png","width":345,"height":238,"caption":"Soci\u00e9t\u00e9 Fran\u00e7aise de Management"},"image":{"@id":"https:\/\/sfm-management.org\/#\/schema\/logo\/image\/"}},{"@type":"WebSite","@id":"https:\/\/sfm-management.org\/#website","url":"https:\/\/sfm-management.org\/","name":"Soci\u00e9t\u00e9 Fran\u00e7aise de Management","description":"","publisher":{"@id":"https:\/\/sfm-management.org\/#organization"},"potentialAction":[{"@type":"SearchAction","target":{"@type":"EntryPoint","urlTemplate":"https:\/\/sfm-management.org\/?s={search_term_string}"},"query-input":"required name=search_term_string"}],"inLanguage":"fr-FR"},{"@type":"WebPage","@id":"https:\/\/sfm-management.org\/index.php\/archives-2\/","url":"https:\/\/sfm-management.org\/index.php\/archives-2\/","name":"Archives 23-24 - Soci\u00e9t\u00e9 Fran\u00e7aise de Management","isPartOf":{"@id":"https:\/\/sfm-management.org\/#website"},"datePublished":"2020-09-08T13:20:44+00:00","dateModified":"2024-10-22T22:26:59+00:00","breadcrumb":{"@id":"https:\/\/sfm-management.org\/index.php\/archives-2\/#breadcrumb"},"inLanguage":"fr-FR","potentialAction":[{"@type":"ReadAction","target":["https:\/\/sfm-management.org\/index.php\/archives-2\/"]}]},{"@type":"BreadcrumbList","@id":"https:\/\/sfm-management.org\/index.php\/archives-2\/#breadcrumb","itemListElement":[{"@type":"ListItem","position":1,"name":"Accueil","item":"https:\/\/sfm-management.org\/"},{"@type":"ListItem","position":2,"name":"Archives 23-24"}]}]}},"_links":{"self":[{"href":"https:\/\/sfm-management.org\/index.php\/wp-json\/wp\/v2\/pages\/317"}],"collection":[{"href":"https:\/\/sfm-management.org\/index.php\/wp-json\/wp\/v2\/pages"}],"about":[{"href":"https:\/\/sfm-management.org\/index.php\/wp-json\/wp\/v2\/types\/page"}],"author":[{"embeddable":true,"href":"https:\/\/sfm-management.org\/index.php\/wp-json\/wp\/v2\/users\/1"}],"replies":[{"embeddable":true,"href":"https:\/\/sfm-management.org\/index.php\/wp-json\/wp\/v2\/comments?post=317"}],"version-history":[{"count":28,"href":"https:\/\/sfm-management.org\/index.php\/wp-json\/wp\/v2\/pages\/317\/revisions"}],"predecessor-version":[{"id":1620,"href":"https:\/\/sfm-management.org\/index.php\/wp-json\/wp\/v2\/pages\/317\/revisions\/1620"}],"wp:attachment":[{"href":"https:\/\/sfm-management.org\/index.php\/wp-json\/wp\/v2\/media?parent=317"}],"curies":[{"name":"wp","href":"https:\/\/api.w.org\/{rel}","templated":true}]}}